*x**2 + 5 - m + 1 + 0 + x**3. Give u(l).
4
Let w(z) be the first derivative of -z**4/4 + z**2/2 - 16*z - 8209. Suppose 0*p - 5*p = 0. Give w(p).
-16
Let z = 0 - -6. Let t(h) = -h**3 + z*h**2 + h**2 - 4*h - h**2. Let s be 3 + 5 + 10 - 13. Determine t(s).
5
Suppose -7*d + 2 - 9 = 0. Let h(g) = -13*g**3 + 14*g**2 + 8*g. Let p(f) = 14*f**3 - 12*f**2 - 7*f. Let n(r) = -6*h(r) - 7*p(r). Give n(d).
19
Let f(r) = -12*r**2 - 35*r + 149. Let c be f(-5). Let j(b) = b**3 - 23*b**2 - 22*b - 62. Give j(c).
-14
Let t(d) = d - 21. Suppose 28 = 4*v - 3*r, 2*v - 4*r + 3*r - 14 = 0. Let h be (-4)/6 - v*(-14)/147. Calculate t(h).
-21
Let t(f) = -f + 470. Let p(h) = -155. Let b(q) = -6*p(q) - 2*t(q). Calculate b(-2).
-14
Suppose 0*a + 3*a = 2*g + 19, -2*a = -6. Let r(t) = 13*t**2 + 32*t + 13. Let j(s) = 6*s**2 + 15*s + 6. Let l(k) = -11*j(k) + 5*r(k). What is l(g)?
-1
Let j(z) be the third derivative of -z**6/120 + 7*z**5/15 - 31*z**4/24 + 107*z**3/6 + 3465*z**2. Determine j(27).
-1
Let p(g) be the first derivative of 1/2*g**2 - 2 + 1/2*g**4 - g**3 - 2*g. Let h be (-10)/(-25) - (9/(-15) - 1). What is p(h)?
4
Let p(k) = -30*k**2 - 31*k + 87. Let g(y) = y**2 + y - 3. Let a(u) = 58*g(u) + 2*p(u). Suppose -2*q - 8 = -4*q. Suppose 11 + q = -5*i. What is a(i)?
-6
Let n be (3/(-4))/(6/(-16)). Let f(g) = -5 - g**3 + 3*g**n - 2*g**2 + 7 - 6*g**3 - 2*g. Give f(1).
-6
Let q(c) = -14*c - 34. Suppose -29*k - 20*k - 98 = 98. What is q(k)?
22
Let l(t) be the second derivative of -48*t + 0 + 5/6*t**4 + 1/2*t**2 + 1/6*t**3. What is l(-1)?
10
Let y(o) = -3*o - 7. Let q(c) = 2*c - 1. Let d be (7 + -4 - (3 - 1))*1. Let s(b) = d*y(b) + 3*q(b). Calculate s(11).
23
Let l be (-1)/(-1 + 0/1). Let x(s) be the third derivative of -1/6*s**3 + 2*s - 6*s**2 - 5/8*s**4 + 0. Calculate x(l).
-16
Let u(q) = -q**2 - q + 7. Let h(y) = -6*y**2 - 23*y + 29. Let t(f) = h(f) - 5*u(f). Determine t(-18).
-6
Let n = 65 + -63. Let r(z) = 4*z**2 + 3*z - 4. Let v(b) = 3*b**2 + 4*b - 4. Let f(h) = n*r(h) - 3*v(h). What is f(-6)?
4
Let x(c) be the third derivative of -c**5/6 + c**4/6 + c**3/3 + 5503*c**2. Calculate x(-1).
-12
Let j(i) = -1652*i**2 + 38 + 1653*i**2 + 17*i - 3*i. Calculate j(-10).
-2
Let f(q) = 5*q**2 + 6*q**3 + 30*q**3 - 37*q**3 - 3*q. Let a = 0 + 2. Let z be a/(-5) + 88/20. Determine f(z).
4
Let c(h) be the first derivative of 2*h**3/3 - 31*h**2/2 - 7*h + 860. Calculate c(15).
-22
Let o(m) be the second derivative of -m**3/6 - 2*m**2 - m. Suppose -708*u - 926 - 922 = -246*u. Determine o(u).
0
Let w be (19/3)/((-21)/(-9) + -2). Let i = w - 17. Suppose i*d - 3*d = 4*s + 12, -9 = -3*d - 3*s. Let v(l) = 2*l - 10. What is v(d)?
6
Let b(g) = 2*g**2 - 8*g. Let l be (2/4)/(40/(-240)). Calculate b(l).
42
Let j(g) be the first derivative of 13/2*g**2 - g - 66. Give j(1).
12
Let d(f) be the second derivative of f**5/20 - 11*f**4/3 + 41*f**3/3 + 81*f**2/2 - 3*f + 2116. Give d(42).
-3
Let a(v) = -4*v**2 - 90*v - 222. Let k(l) = l**2 + 22*l + 55. Let u(f) = -2*a(f) - 9*k(f). Calculate u(-15).
-6
Let z(k) = 5 - 69*k + k**2 + 72*k - 13 + 0*k**2. What is z(-4)?
-4
Let l = -14506 - -14511. Let b(g) = -13*g + 56. Determine b(l).
-9
Let f(c) be the third derivative of -3*c**5/20 + c**3/6 + c**2. Suppose -4*v = 14*v - 126. Suppose 78*w = 71*w - v. Give f(w).
-8
Let y be 0/1 + (-2 - 2) + 699. Let r be (2224/y)/(3/(-5) - -1). Let n(z) = -2*z - 9. Calculate n(r).
-25
Let m(y) = -175*y - 11 + 83*y + 88*y + 11*y**2. Let z(w) = 4*w**2 - 2*w - 4. Let l(c) = -3*m(c) + 8*z(c). Determine l(-3).
4
Let c(w) be the second derivative of w**4/12 + w**3/2 + w**2 + 128*w - 3. Give c(5).
42
Let p(m) = -m**3 + 11*m**2 + 9*m - 13. Let o(v) = v**3 - 7*v**2 - 8*v + 10. Let b(t) = 5*o(t) + 4*p(t). Calculate b(-7).
124
Let d(x) = -285*x + 4571. Let s be d(16). Let z(f) = -3*f + 70. Calculate z(s).
37
Let r(m) = -m**3 - 12*m**2 + 6*m + 6. Suppose -9*f + 7*f = 24. Let b be r(f). Let j = -70 - b. Let i(d) = d**2 + 7*d - 5. Give i(j).
-17
Suppose 10*c - 16 = 44. Let j be (15/(-4 - (-33)/c))/2. Let d(n) = 6*n**2 - 28*n + n**3 - 4 + 27*n + j. What is d(-6)?
7
Suppose 135 = 176*q - 41. Let u(g) = 9*g - 7. Give u(q).
2
Let s = 160 - 24. Let o be 0 - (-7 - -3) - s/(-2). Let i(m) = -68*m**2 - m**3 - 2 + o*m**2 + 2*m**3 - 3*m. Determine i(-4).
10
Let t be (-216)/(-810) + (-262)/(-30). Let l(u) = u**2 - 17*u - 12. What is l(t)?
-84
Let j(u) be the third derivative of u**6/30 - u**5/60 - u**4/3 - 5*u**3/2 - 16*u**2 + 60*u - 3. Give j(-2).
-35
Let q(w) = -w**3 - 13*w**2 + 3*w + 31. Let a be q(-13). Let u(k) be the third derivative of k**4/24 + 5*k**3/3 - 7*k**2. What is u(a)?
2
Let k(m) = -2*m - 3*m - 24 + 6*m + 19. Let i be k(-5). Let l(w) be the second derivative of w**5/20 + 11*w**4/12 + 2*w**3 + 9*w**2/2 + w. What is l(i)?
-11
Let k be 24624/(-608)*(-4)/18. Let f(i) = -2*i**2 + 21*i - 18. Determine f(k).
9
Let f(r) = r**3 - 41*r**2 + 12*r + 3. Let p(q) = -2*q**3 + 98*q**2 - 24*q - 5. Let w(b) = 5*f(b) + 2*p(b). What is w(9)?
113
Let g(b) = 20*b - 5. Let q = -2921 + 2925. What is g(q)?
75
Suppose 0 = f - 3*z - 12, 944 = f + 5*z + 948. Suppose 12 + 8 = 5*y. Let n(k) = -5 + y*k - 2*k - k. Determine n(f).
1
Let g(t) = -12*t**2 + 226*t + 38. Let h be g(19). Let r(y) = -4*y**2 + y. Let m(f) = -5*f**2 + f. Let j(i) = -5*m(i) + 6*r(i). What is j(h)?
0
Let o be 3/6 - 1463/(-14). Let l = o - 101. Let k(c) = -l*c + 114 + 2*c - 119 + c**2. What is k(4)?
3
Let d(u) = 3*u + 4. Suppose -b - z = z + 1, 2*b = -2*z + 2. Suppose 0 = -b*x - 4*y - 6, 7 = -5*x - 3*y - 3. Determine d(x).
-2
Let s(i) = i**3 + 15*i**2 - 16*i + 8. Suppose -3*r - 36 = -2*z, 47*r - z + 74 = 42*r. Determine s(r).
8
Let r(f) = -12*f + 165. Suppose 658 = 19*o + 21*o + 7*o. Calculate r(o).
-3
Let m be (-1)/(2/(-4)) + (-4)/1. Let u = m - -9. Let c(n) = u*n**2 + 2*n**3 - n**3 - 3 - 6. Calculate c(-7).
-9
Suppose -4*a + 2*u = 34, -1 = -3*a + 4*u - 19. Suppose 0 = 4*b - 1 - 7. Let x(v) = 3 + b*v - v - v + v. Give x(a).
-7
Let p(g) = 2*g**2 - 15*g - 2. Let x(n) = -2*n**2 + 11*n + 2. Let w(h) = -4*p(h) - 5*x(h). Suppose 2*c = -5*m - 9, 7*c = 4*c + 2*m + 15. Give w(c).
31
Let t(y) be the third derivative of y**5/60 - 5*y**4/24 + 10*y**3/3 + 2*y**2 + 1152. Determine t(6).
26
Let t(l) = l**2 - 10*l - 1. Let c = -52 + 58. Let h(p) = p**2 - 8*p - 1. Let k(a) = c*h(a) - 5*t(a). Give k(2).
7
Let n(w) = -140*w - 3 - 145*w + 0 + 429*w - 143*w. Let l(z) = -2 + 3*z + 0*z + 3*z - 5*z. Let r be l(-5). What is n(r)?
-10
Let i(a) be the third derivative of -a**4/24 + 5*a**3/6 - 2*a**2. Let o(v) = v**3 - 9*v**2 - 359*v + 15. Let g be o(-15). Determine i(g).
5
Let p(l) = l**3 + 2. Let x(z) = -z**3 - 17*z + 0*z**3 + 15*z + 4 - 4*z**2 + 8 + 5*z**3. Let f(h) = -6*p(h) + x(h). Determine f(-2).
4
Let n(h) = -3*h - 2. Suppose -14*v - 5828 = 17*v. Let x = v + 187. Give n(x).
1
Let d(p) = -p**2 + 10*p + 9. Let j(a) = 229*a - 13 + 124 - 100*a - 103*a. Let q be j(-4). Give d(q).
30
Let f(w) be the first derivative of 3*w + 0*w - 16 - 7*w + 5*w - w**2. Let u be 27/6 - (-5)/(-10). Calculate f(u).
-7
Suppose 2*i = 26*p - 22*p - 40, -5*i = -3*p + 9. Let h(r) = r**2 - 14*r + 20. Calculate h(p).
7
Let z(g) = -3*g**2 + 44*g + 19. Let l(w) = -w**2 + 21*w + 8. Let p(o) = -5*l(o) + 2*z(o). Determine p(-19).
-40
Let u(t) be the third derivative of t**4/24 + 29*t**3/6 - 82*t**2 - 9*t - 2. Give u(6).
35
Let u(k) = k - k - 3*k + 4*k + 23. Let q(l) = -140*l + 9509. Let g be q(68). Calculate u(g).
12
Let x(k) be the third derivative of -k**5/60 - k**4/6 - k**3/2 + 2*k**2. Let b = 42 - 31. Let g(n) = n**3 - 12*n**2 + 10*n + 6. Let m be g(b). What is x(m)?
-8
Let c(i) = -i**3 - 5*i**2 + 4*i - 6. Let p = -69 + 73. Suppose -4*a + 2*a = -2*l + 32, 49 = p*l - a. Suppose 4*o + 12 = 0, -3*d + 3*o + 2 = l. Calculate c(d).
6
Let y(u) = -u**3 + 3*u**2 - 4*u + 9. Let g(c) = 160*c + 1443. Let z be g(-9). What is y(z)?
-3
Let t(z) = 97989*z**2 - 97998*z**2 - z**3 - 3 - 6 + 3 - 7*z. Calculate t(-9).
57
Let m(d) = d**3 - 5*d**2 + 6. Let w be m(5). Let a(i) = -2*i + 1. Let y be a(-1). Let t(u) = 8 - 2 + y*u - 5*u. Give t(w).
-6
Suppose 5*m = 5, 3*x - 2*m + 4*m - 56 = 0. Suppose 17 + x = 7*z. Suppose -2*i - 20 = -z*c, -5*c - i + 15 = -2*i. Let h(d) = -6*d + 3. Determine h(c).
-9
Suppose 3*j + 29 = 11. Suppose -2*g = 4*b - 18, -4*b + 3*g + 46 = 13. Let i(m) 